 45*o**2 - 3*o**3 - 57 + 2*o**3 - 11*o**2. Let c be s(32). Calculate the greatest common factor of 2 and c.
1
Suppose y + 4*y - x = 112, -2*x - 40 = -2*y. Suppose 0*g + 2*g = -174. Let a = g - -156. What is the greatest common factor of y and a?
23
Let s = -28 + 33. Suppose 0*h = 3*f + h - 95, -4*h = -s*f + 164. What is the highest common factor of 8 and f?
8
Let s be 796 - 4/(-3)*765/(-204). What is the greatest common divisor of s and 7?
7
Let x(k) = k**3 - 692*k + 4*k**2 + 663*k + 11 + 3*k**2. Let o be x(-10). Calculate the greatest common factor of o and 2.
1
Suppose 4*l = 8, 4*z - 5*l - 418 + 12 = 0. Suppose 41*h + 36 = 45*h - 4*u, 48 = 4*h - u. What is the highest common divisor of h and z?
13
Let d = -201 - -206. What is the greatest common divisor of d and 305?
5
Let i = -145 + 259. Suppose 8 = 2*v, v - i = -c - 0*c. Calculate the highest common factor of c and 22.
22
Suppose 6*f - 7*f + 2*h = 22, 45 = -3*f - h. Let s be (7 + (-12)/3)*f/(-12). What is the highest common divisor of s and 32?
4
Let s(r) = -r**3 + 6*r**2 - 8*r + 5. Let a be s(4). Suppose 2*g - 3*g = 5*j - 40, -a*g + 3*j + 60 = 0. What is the highest common divisor of g and 6?
3
Let f be (-46 + 46)/(1 - -1) + 2. Suppose 2*o = -3 + 31. What is the greatest common divisor of o and f?
2
Suppose h + 5 = -5*c - 5, -h + c + 14 = 0. Let g(d) = 2*d**3 + d**2 - 61*d + 8. Let s be g(6). Calculate the greatest common divisor of h and s.
10
Let l = -260 - -344. What is the highest common factor of l and 147?
21
Let p be 24 + 8/(64/(-72)). What is the greatest common divisor of 65 and p?
5
Let f(c) = 21*c - 35. Let a be f(6). What is the highest common divisor of a and 13?
13
Suppose -24*a + 255 = -345. Calculate the greatest common factor of 975 and a.
25
Let h(i) = -2*i**3 - 39*i**2 + 24*i + 110. Let w be h(-20). Calculate the greatest common divisor of w and 150.
30
Suppose 28 = -2*p - 0. Let j be 30768/112 + (-4)/p. What is the greatest common factor of 25 and j?
25
Suppose -p + 2*f - f = -13, -2*p = 2*f - 34. Let u be (-172)/16*(6 + -2). Let i = u + 88. Calculate the highest common divisor of p and i.
15
Let r = 675 - 399. What is the greatest common factor of r and 12?
12
Let q be (-65)/25 - (-2)/(-5) - -5. Suppose -2*l = q*i - 18, 5*i = 8*i + 4*l - 23. Calculate the highest common factor of i and 143.
13
Suppose -o + 2*d + 9 = 3*d, 8 = 4*d. What is the highest common factor of 17 and o?
1
Let u be 1*2*33/6. Let p(g) be the second derivative of -3*g**3/2 + 2*g**2 + g. Let n be p(-13). Calculate the greatest common divisor of n and u.
11
Let k(z) = -50*z**3 - 2*z - 1. Let m be k(-1). Suppose 11 - m = -r. Let p = -5 + 10. What is the highest common factor of r and p?
5
Let h(r) = 2*r**2 - 27*r - 101. Let s be h(-15). Calculate the highest common factor of 26 and s.
26
Suppose 0 = y - 4*y, -3*s + 6 = 2*y. What is the highest common divisor of 3 and s?
1
Let y be 0/(-3 + 8) - (2 + -2). Suppose y = -35*d + 32*d + 540. Calculate the highest common factor of 20 and d.
20
Suppose l + 286 = 2*k - 0*k, 2*l = -3*k - 593. Let d = -196 - l. Let t be 5/2*((-72)/(-15) + 0). Calculate the highest common factor of t and d.
12
Suppose 330 = 12*r - 7*r. Calculate the greatest common divisor of r and 6.
6
Let m be 3681/((-63)/(-7)) - -6. What is the greatest common factor of m and 249?
83
Suppose -276 = -4*d - 104. Let i = 5021 - 4591. Calculate the highest common factor of d and i.
43
Let n(p) = -8*p + 260. Let w be n(25). What is the highest common factor of 84 and w?
12
Suppose 5*w = -2*b, -3*w - 2*b - 3 - 1 = 0. Let r(s) = 14*s**3 + 2*s**2 - 3*s + 1. Let n be r(w). What is the greatest common divisor of n and 23?
23
Let u be 4*(-6)/(-48)*-240. Let r = 132 + u. What is the highest common divisor of r and 30?
6
Suppose -2*w + 3*s = -81, 4*w = -s - 85 + 254. What is the greatest common divisor of 567 and w?
21
Let k be -1 + 8 + 0 + (-21 + 34 - 15). Suppose -43 = -5*b + 7. Calculate the greatest common factor of b and k.
5
Suppose 0 = 57*w - 58*w + 225. What is the greatest common divisor of 45 and w?
45
Let p = -4 - -49. Let h be ((-5)/(-10))/(1/16). Let t be (-2)/(-8) - (-70)/h. What is the highest common divisor of t and p?
9
Let g(s) = -12*s + 8. Let j be g(-1). Calculate the highest common divisor of 110 and j.
10
Let x be 9630/405 - 4/(-18). Calculate the greatest common divisor of x and 16.
8
Let t = 31 + -4. Let k be (0 + -1)/((-9)/t). Suppose 38 = 2*q + k*g, -2*q + 3*g = q - 42. What is the highest common factor of q and 8?
8
Suppose 0 = -4*a - 3*f - 50 + 739, 337 = 2*a + 3*f. Calculate the greatest common factor of a and 48.
16
Let m be (-285)/(-665) - (-102)/7. Let c be -1 + 3 + 1 + 2. What is the greatest common factor of m and c?
5
Suppose 192 = -5*a - r, -3*a + 51 = -r + 171. Suppose -2*g = -4*f - 74, -3*f + 5*g - 53 = 3*g. Let b = f - a. Calculate the greatest common divisor of 54 and b.
18
Let n(b) = -7*b**2 - 10*b - 4. Let o(t) = -8*t**2 - 10*t - 4. Let q(y) = -6*n(y) + 5*o(y). Let i be q(-6). What is the highest common factor of 16 and i?
16
Let d be 5728/160 + (-2)/(-10). Let c(r) = r**3 + 7*r**2 + r - 6. Let x be c(-6). Calculate the highest common factor of d and x.
12
Suppose -j + 63 = -4*j. Let x = 31 + j. Suppose -4*c + 148 = 2*f, f + 5*c - c = 68. What is the highest common factor of f and x?
10
Let x be -6*(-1)/(-2)*(-85)/3. What is the greatest common divisor of x and 34?
17
Let d(u) = -8*u**3 + u**2 - 4*u + 4. Let a(f) = f**3 - f**2 + f. Let k(b) = 6*a(b) + d(b). Let r be k(-3). What is the greatest common factor of 7 and r?
7
Let z be ((-1)/2)/((-2)/(-20)). Let b(n) = n**2 + 4*n - 2. Let q be b(z). Suppose -d + 5*d - 12 = 0. What is the greatest common divisor of q and d?
3
Suppose v = 2*v - 5*y + 3, 0 = 5*v - 3*y + 15. Let c be v/3 - (-66 - 2). Suppose -22 = k - c. What is the greatest common divisor of k and 9?
9
Suppose -g + 178 = 2*y - 66, -1215 = -5*g - 5*y. Let l = -39 + 46. Suppose -m + 15 = -l. What is the greatest common divisor of m and g?
22
Suppose 5 = -12*q + 13*q. Suppose -q*d - 326 = -4*h, 0*h + 2*d = -3*h + 256. Calculate the greatest common divisor of h and 12.
12
Let p = 1068 - 1031. Calculate the highest common factor of 333 and p.
37
Let s = -23 - -27. Suppose 0 = -s*o - 16, 2*x - 5*o = -47 + 151. Calculate the greatest common divisor of x and 336.
42
Let d(o) = -o + 8 - 8*o - 4*o + 2*o**2 + o. Let f be d(6). Calculate the highest common divisor of 2 and f.
2
Let w = -355 + 365. Calculate the highest common factor of 30 and w.
10
Let a = -20 + 75. Let d = 11 + a. Calculate the greatest common factor of 33 and d.
33
Suppose -2*k + 5 = 4*h - 3*h, -5*k + 15 = 2*h. Calculate the greatest common divisor of k and 230.
5
Suppose -2*v + 1098 = -13*h + 12*h, -3*v - 2*h + 1640 = 0. What is the greatest common factor of 4 and v?
4
Let f(w) = w**3 + 2*w**2 - 2*w + 1386. Let g be f(0). Suppose 0 = -3*x - 8*x + g. Calculate the greatest common divisor of x and 18.
18
Let a be (13/2)/(7/(-14)). Let x = a + 22. Let s(y) = 15*y**2 - 5*y - 7. Let r be s(-2). Calculate the highest common factor of r and x.
9
Let g(i) = -9*i - 16*i**2 + 23 - 3 + 18*i**2. Let m be g(4). What is the greatest common factor of 1 and m?
1
Let k = -199 - -539. What is the highest common factor of 272 and k?
68
Let j(c) = -c + 8. Let u be (2 - -42)*(-4)/(-16). Let l = u + -4. Let q be j(l). What is the greatest common factor of 11 and q?
1
Let k = 18 - 16. Suppose 106 = 3*t + k*i, 2*t + 5*i - 4*i - 69 = 0. What is the highest common factor of t and 48?
16
Let t(g) = g**3 - 5*g**2 - 3*g + 18. Let l be t(6). Let i = 0 + 4. Suppose -b - l = -i*b. Calculate the highest common divisor of b and 12.
12
Let h be -16*2*(-8 - 6)/7. Calculate the greatest common factor of h and 2752.
64
Let p(q) be the first derivative of -q**4/4 - 11*q**3/3 - 11*q**2/2 + 9*q + 2. Let f be p(-10). Calculate the greatest common factor of 76 and f.
19
Let o be 417/7 - (-24)/56. Let b be o*(2 - (-2)/(-3)). What is the greatest common divisor of b and 16?
16
Suppose g - 126 = 4*i, g - 10*i + 9*i = 126. What is the greatest common divisor of g and 14?
14
Suppose 11*v - 8 + 8 = 0. Suppose 3*g = -v*g + 24. What is the greatest common factor of 1 and g?
1
Let t be (10 + -7)/((-1)/(-9)). Calculate the highest common factor of